{"id":258,"date":"2014-06-16T02:08:43","date_gmt":"2014-06-16T00:08:43","guid":{"rendered":"http:\/\/www.einmetjennahmenspreetzen.de\/wordpress\/?page_id=258"},"modified":"2014-11-15T13:33:55","modified_gmt":"2014-11-15T11:33:55","slug":"professor-johann-daniel-major","status":"publish","type":"page","link":"http:\/\/www.einmetjennahmenspreetzen.de\/wordpress\/professor-johann-daniel-major\/","title":{"rendered":"Professor Johann Daniel Major"},"content":{"rendered":"<div style=\"text-align: justify;\">\nEine der schillerndsten Gestalten an der jungen <a href=\"http:\/\/www.einmetjennahmenspreetzen.de\/wordpress\/christian-albrechts-universitaet\/\">Christian-Albrechts-Universit\u00e4t<\/a> zu <a href=\"http:\/\/www.einmetjennahmenspreetzen.de\/wordpress\/kiel-im-jahr-1676\/\">Kiel<\/a> ist Professor Johann Daniel Major.<\/p>\n<p>Der Medizinprofessor droht 1675 dem Rektor mit Handgreiflichkeiten. Mit den Kollegen Morhof und Hannemann steht er auf schlechtem Fu\u00df. Er verfolgt seinen Kollegen Pechlin mit so unnachgiebigem Hass, dass dieser resigniert das Feld r\u00e4umt. Streitbar, ja streitlustig und argw\u00f6hnisch tritt uns der auffahrende Mann mit der \u00fcppigen Lockenper\u00fccke entgegen. Der blasierte Blick mag kaschieren, dass Major mit seinen Studenten im Botanischen Garten zwischen Anemonen, Krokussen, Hyazinthen, Ranunkeln und Nutzpflanzen oft 12 bis 14 Stunden grobe Arbeiten verrichtet.<\/p>\n<div style=\"float: left; margin-right: 30px; text-align: center;\">\n<img decoding=\"async\" loading=\"lazy\" src=\"http:\/\/www.einmetjennahmenspreetzen.de\/wordpress\/wp-content\/uploads\/2014\/06\/04_hist_29_Major_-Johann.jpg\" width=\"500\" height=\"682\"><br \/>\n<em>Johann Daniel Major, Professor. Kupferstich.<br \/>\n\u00a9 Schleswig-Holsteinische Landesbibliothek.<\/em>\n<\/div>\n<p>Im Juni 1676 ist Major 42 Jahre alt, verfeindet mit vielen Kollegen, respektiert bei Hofe, befreundet mit sehr wenigen. Zu diesen z\u00e4hlt <a href=\"http:\/\/www.einmetjennahmenspreetzen.de\/wordpress\/professor-samuel-reyher\/\">Professor Reyher<\/a>. Majors Feinde d\u00fcrften es zu dieser Zeit nicht leicht haben, denn Major \u00fcbt soeben das Amt des Prorektors aus (Rektor ist ja der Herzog, aber er ist erstens fast nie in Kiel und zweitens derzeit  vor seinem d\u00e4nischen Widersacher ins Hamburger Exil gefl\u00fcchtet). Als Projektor d\u00fcrfte es Major obliegen, im Geleitzug anl\u00e4sslich der Hinrichtung am 30.6.1676 einen der vordersten Pl\u00e4tze einzunehmen.<\/p>\n<p>In medizinischen Fragen beansprucht Professor Major Autorit\u00e4t und Aufsicht \u00fcber Rats- und Hofapotheke, \u00fcber Barbiere (also praktische Mediziner und Chirurgen wie Joachim K\u00f6pke) und fahrende Leute (Quacksalber). Ob ihm ohnehin jene Frauen ein Dorn im Auge sind, die sich ein Zubrot verdienen mit Wicken, Raten und B\u00f6ten, mit all dem nicht-wissenschaftlichen Wissen? Welches Wissen als Wissenschaft Autorit\u00e4t genie\u00dft, ist immer auch eine Frage der Macht.<\/p>\n<p>Major beschert Norddeutschland die erste Sektion. Als 1666 ein M\u00f6rder enthauptet wird, verwertet Major dessen Leiche f\u00fcr eine publikumswirksame anatomische Veranstaltung. Bei einer Hexenverbrennung kommt das naturgem\u00e4\u00df nicht in Betracht. Meistens liegen Tiere auf Majors Sektionstisch: mal ein Delfin, mal ein Seehund.<\/p>\n<p>Ohnedies sind Meerestiere f\u00fcr den Mediziner Major ein Steckenpferd. 1675 erscheint in Kiel sein zoologisches Werk \u201eOpusculum de Purpura\u201c \u00fcber bestimmte Meeresschneckenarten, aus deren Dr\u00fcsen der begehrte Farbstoff Purpur (der bis heute teuerste Farbstoff) gewonnen werden kann. Aber auch \u00fcber die Milch des Mondes, \u00fcber Klystiere, \u00fcber den Nabel des Meeres oder \u00fcber \u201eCurieuse Taschenspielerk\u00fcnste\u201c forscht und ver\u00f6ffentlicht der ausschweifende Wissenschaftler Major.<\/p>\n<p>Majors Tendenz zum geistigen H\u00f6henflug zeigt sich nicht nur in seiner Annahme, das Fliegen sei f\u00fcr Menschen durchaus \u201epracticabel\u201c. In seinem Buch \u201eSeefahrth nach der neuen Welt ohne Schiff und Segel\u201c sieht Major \u201efliegende Kriegsheere\u201c aufsteigen. Zugleich ist er ein bodenst\u00e4ndiger Sammler und Sortierer von Wissen. Im Botanischen Garten der Universit\u00e4t sammelt er Pflanzen und kategorisiert sie mit einem System von 100 Merkmalen. Major pflegt au\u00dferdem wegen der <a href=\"http:\/\/www.kunstkammer.at\/gottorf.htm\" target=\"_blank\">Gottorfischen Kunstkammer<\/a>, diesem Rarit\u00e4tenkabinett alles Fremdartigen, Kontakt mit dessen Leiter Adam Olearius und empfiehlt sich mutma\u00dflich nach dessen Tod 1671 um dessen Nachfolge. Als daraus nichts wird, stellt Major in Kiel seine Funde selbst aus. Aber seine Privatwohnung ist zu klein. Er zieht um, in die <a href=\"http:\/\/www.einmetjennahmenspreetzen.de\/wordpress\/flaemische-strasse\/\">Fl\u00e4mische Stra\u00dfe<\/a>, zwei H\u00e4user neben jenes Haus, in dem die Hexe <a href=\"http:\/\/www.einmetjennahmenspreetzen.de\/wordpress\/trinke-preetzen\/\">Trinke Preetzen<\/a> wohnhaft war. Und was f\u00fcr ein seltsamer Zufall: Majors Schwiegersohn, Professor Huldericus Waldschmidt, wird just ins Haus der verruchten Hexe einziehen. Die Gr\u00fcnde sind nicht aktenkundig. Ebensowenig eine Begegnung Majors mit <a href=\"http:\/\/www.einmetjennahmenspreetzen.de\/wordpress\/anje-preetzen\/\">Anje Preetzen<\/a>.\n<\/div>\n","protected":false},"excerpt":{"rendered":"<p>Eine der schillerndsten Gestalten an der jungen Christian-Albrechts-Universit\u00e4t zu Kiel ist Professor Johann Daniel Major. Der Medizinprofessor droht 1675 dem Rektor mit Handgreiflichkeiten. Mit den Kollegen Morhof und Hannemann steht er auf schlechtem Fu\u00df. Er verfolgt seinen Kollegen Pechlin mit so unnachgiebigem Hass, dass dieser resigniert das Feld r\u00e4umt. Streitbar, ja streitlustig und argw\u00f6hnisch tritt [&hellip;]<\/p>\n","protected":false},"author":1,"featured_media":0,"parent":0,"menu_order":0,"comment_status":"open","ping_status":"open","template":"page-templates\/front-page.php","meta":[],"_links":{"self":[{"href":"http:\/\/www.einmetjennahmenspreetzen.de\/wordpress\/wp-json\/wp\/v2\/pages\/258"}],"collection":[{"href":"http:\/\/www.einmetjennahmenspreetzen.de\/wordpress\/wp-json\/wp\/v2\/pages"}],"about":[{"href":"http:\/\/www.einmetjennahmenspreetzen.de\/wordpress\/wp-json\/wp\/v2\/types\/page"}],"author":[{"embeddable":true,"href":"http:\/\/www.einmetjennahmenspreetzen.de\/wordpress\/wp-json\/wp\/v2\/users\/1"}],"replies":[{"embeddable":true,"href":"http:\/\/www.einmetjennahmenspreetzen.de\/wordpress\/wp-json\/wp\/v2\/comments?post=258"}],"version-history":[{"count":20,"href":"http:\/\/www.einmetjennahmenspreetzen.de\/wordpress\/wp-json\/wp\/v2\/pages\/258\/revisions"}],"predecessor-version":[{"id":1157,"href":"http:\/\/www.einmetjennahmenspreetzen.de\/wordpress\/wp-json\/wp\/v2\/pages\/258\/revisions\/1157"}],"wp:attachment":[{"href":"http:\/\/www.einmetjennahmenspreetzen.de\/wordpress\/wp-json\/wp\/v2\/media?parent=258"}],"curies":[{"name":"wp","href":"https:\/\/api.w.org\/{rel}","templated":true}]}}