{"id":214,"date":"2014-06-16T01:20:05","date_gmt":"2014-06-15T23:20:05","guid":{"rendered":"http:\/\/www.einmetjennahmenspreetzen.de\/wordpress\/?page_id=214"},"modified":"2014-11-15T13:15:30","modified_gmt":"2014-11-15T11:15:30","slug":"hinrich-busch","status":"publish","type":"page","link":"http:\/\/www.einmetjennahmenspreetzen.de\/wordpress\/hinrich-busch\/","title":{"rendered":"Hinrich Busch"},"content":{"rendered":"<div style=\"text-align: justify;\">Hinrich Busch ist der leibliche Vater <a href=\"http:\/\/www.einmetjennahmenspreetzen.de\/wordpress\/trinke-preetzen\/\">Trinke Preetzens<\/a>. Sie, ihrerseits von <a href=\"http:\/\/www.einmetjennahmenspreetzen.de\/wordpress\/anje-preetzen\/\">Anje Preetzen<\/a> als Hexe benannt, gibt unter Folter Hinrich Busch als Hexen-Lehrmeister an. Der auf Hinrich Busch lastende Verdacht wird nicht neu gewesen sein. Sein <a href=\"http:\/\/www.einmetjennahmenspreetzen.de\/wordpress\/leumund\/\">Leumund<\/a> ist miserabel. Er ist verschw\u00e4gert mit <a href=\"http:\/\/www.einmetjennahmenspreetzen.de\/wordpress\/teke-busch\/\">Teke Busch<\/a>, die 1668 wegen Hexerei zum Tod verurteilt wurde. Auf diese famili\u00e4re Beziehung nehmen die Verh\u00f6re Bezug. Teke wird als Hinrichs Lehrmeisterin bezeichnet. Busch scheint 1676 bereits ungew\u00f6hnlich alt zu sein. Er erw\u00e4hnt im Verh\u00f6r die \u201eKayserlichen Kriegszeit\u201c. Der Bezug auf diese Zeit erstaunt, denn der sog. Kaiserlich Krieg fand 1626 \u2013 1629 statt. Kurz danach will er dem Teufel erstmals begegnet sein. Busch d\u00fcrfte 1676 ungef\u00e4hr 70 Jahre alt sein \u2013 f\u00fcr einen einfachen Mann aus dem Volk ein betr\u00e4chtliches Alter.<\/p>\n<p>Die Kieler Steuerregister verzeichnen Hinrich Busch seit 1673. Er arbeitet als \u201eSch\u00fctter\u201c, also st\u00e4dtischer Viehhirte. Er ist zust\u00e4ndig f\u00fcr Weidegerechtigkeit und muss z\u00e4hlen, ob niemand zu viel Vieh auf die Stadtweide schickt. F\u00fcr Pferde, K\u00fche und Schweine sind laut Register andere Personen zust\u00e4ndig. Mutma\u00dflich waltet Busch \u00fcber Ziegen. Gemessen an seinem vormaligen Beruf \u2013 er war Schmied \u2013 ist das ein betr\u00e4chtlicher sozialer Abstieg. Er steht ganz unten in der Hierarchie st\u00e4dtischer Beamter, aber immerhin ist er \u00fcberhaupt Kieler B\u00fcrger. Er ist wohnhaft au\u00dferhalb der Stadttore: in der Sandkuhle vor dem Holstentor.<\/p>\n<p>Als Sch\u00fctter geh\u00f6rt Hinrich Busch zur Zeit der Hexenverfolgungen einer Risiko-Berufsgruppe an. So jemand wird argw\u00f6hnisch be\u00e4ugt, denn sein T\u00e4tigkeitsfeld liegt vor den Toren der Stadt, im unkontrollierten Gebiet, in der Natur, wo dem Aberglauben nach auch die D\u00e4monen wohnen. Die Verantwortung eines Sch\u00fctters ist gro\u00df: Wenn das Vieh stirbt, werden Schuldige gesucht, und es stirbt viel Vieh, wenn eine Seuche ausbricht. Kiel erlebt in diesen Jahren immer wieder \u201eschlechte Jahre\u201c mit langen Wintern: Im Fr\u00fchjahr ist das Vieh zu schwach, um selbst auf die Weide zu laufen. Es wird auf Tragewagen auf die Weide geschleift.<\/p>\n<p>Hinrich Busch wird nach seiner Verhaftung am 20.6.1676 untersucht. Man sucht und findet eine taube Hauptstelle. Sie wird als Stigma, als Hexenmal identifiziert. Er wird gefoltert. Sieben Tage verstreichen \u2013 mutma\u00dflich in der <a href=\"http:\/\/www.einmetjennahmenspreetzen.de\/wordpress\/b\u00fcttelei\/\">B\u00fcttelei<\/a> \u2013 zwischen Verhaftung und lauter Gest\u00e4ndnissen. Hinrich Busch gesteht: Ein unbekannter Mann namens Joachim kam zusammen mit dem Satan (genannt \u201eSplittohr\u201c) zu Hinrich auf die Bruhnesrade (dabei handelt es sich nicht um die heutige Stra\u00dfe Brunsrade, sondern um eine Flur in der Kieler Feldmark); Hinrich Busch habe mit dem Satan \u201egebuhlt\u201c und \u201eSaat und Pulver empfangen\u201c \u2013 von \u201ePulver\u201c sprach auch Buschs Schw\u00e4gerin und \u201e\u00fcberf\u00fchrte Hexe\u201c Teke Busch. Hinrich Busch gesteht ferner, er habe Vieh und Menschen gesch\u00e4digt und umgebracht.<\/p>\n<h3>Urteil gegen Hinrich Busch (Obergerichtsprotokoll) am 30.6.1676<\/h3>\n<div style=\"float: right; margin-left: 30px; text-align: center;\">\n<img decoding=\"async\" loading=\"lazy\" src=\"http:\/\/www.einmetjennahmenspreetzen.de\/wordpress\/wp-content\/uploads\/2014\/07\/04_hist_15_Hinrich-Busch-Urteil-gesamt.jpg\" width=\"500\" height=\"745\"><br \/>\n<em>Obergerichtsprotokoll der Stadt Kiel Nr. 7, 1674-1679 p. 239, not. chart. coaev.<br \/>\n\u00a9 Stadtarchiv Kiel.<\/em>\n<\/div>\n<p>Quelle: Stadtarchiv Kiel, Protokoll der Stadt Kiel Nr. 7, 1674-1679 p. 237-238, not. chart. coaev.<\/p>\n<p>Publicatum Kihl den 30. Juni 1676.<br \/>\nIn (solcher) peinlicher Inquisition undt Halsgerichtssachen des\u00a0Niedergerichts hieselbsten von Ambtswegen Inquirenten an einen, entgegen undt wieder Hinrich Buschen, dieses Ohrtes\u00a0gewesenen Sch\u00fcttern, Inquisiten andern theils, in puncto veneficii Sprechen B\u00fcrgermestere undt Rath der Stadt Kihl auff\u00a0vorgegangene undt vernommene vieljehrige Ber\u00fcchtigungh,\u00a0daruff beschehene Denunciation und ferners angestalten f\u00f6rmlichen\u00a0Inquisition hiemit f\u00fcr Recht: Demnach gedachter Inquisitus\u00a0Hinrich Busch nicht allein von selbsten sich zu der Hexerei bekandt,\u00a0sondern auch folgendes nach vorgenommener rechtlichen Examination, und vorgehaltene Fragst\u00fccke freywillig zugestanden, da\u00df\u00a0er seinen Erinnern und Bed\u00fcnken nach albereit eine geraume undt zwahr\u00a0nach der Keyserlichen Krigszeit durch einen unbekandten Man nahmens Joachim in der zu der Hexerey verf\u00fchret worden, der auch mit dem Satan, so sich Splittohr gehei\u00dfen, in Mannes Gestalt auf dem Bruhnesrade zu ihm gekommen undt einen\u00a0guten Morgen gesaget, da er sich auff de\u00dfen Zureden von\u00a0Gott, mittels de\u00dfen Verleugnungh, ab- undt demselben sich ergeben,\u00a0einen Bundt mit ihm gemacht, mit demselben gebuhlet, Saat\u00a0und Pulver von ihm empfangen, dadurch er Menschen und Vieh\u00a0beschediget undt umbgebracht, bey welcher Au\u00dfage er bestendigh\u00a0verblieben undt dieselbe in keinem revoxiret, das er derentwegen solcher begangenen undt zugestandenen gr\u00f6b- und ergerlichen Unthaten undt Ver\u00fcbungen nach Inhalt G\u00f6tt- und weldtlichen\u00a0Rechtens, absonderlich der peinlichen Halsgerichtsordnungh, ihm\u00a0selbst zu wohlverdienter Straffe undt andern zum Abschew mit dem\u00a0fewer vom Leben zum Tode gebracht werden soll, gestalt er in Krafft\u00a0dieses dazu verdammet wird. V[on] R[echts] u[nd] G[erichts] w[egen].\n<\/p><\/div>\n","protected":false},"excerpt":{"rendered":"<p>Hinrich Busch ist der leibliche Vater Trinke Preetzens. Sie, ihrerseits von Anje Preetzen als Hexe benannt, gibt unter Folter Hinrich Busch als Hexen-Lehrmeister an. Der auf Hinrich Busch lastende Verdacht wird nicht neu gewesen sein. Sein Leumund ist miserabel. Er ist verschw\u00e4gert mit Teke Busch, die 1668 wegen Hexerei zum Tod verurteilt wurde. Auf diese [&hellip;]<\/p>\n","protected":false},"author":1,"featured_media":0,"parent":0,"menu_order":0,"comment_status":"open","ping_status":"open","template":"page-templates\/front-page.php","meta":[],"_links":{"self":[{"href":"http:\/\/www.einmetjennahmenspreetzen.de\/wordpress\/wp-json\/wp\/v2\/pages\/214"}],"collection":[{"href":"http:\/\/www.einmetjennahmenspreetzen.de\/wordpress\/wp-json\/wp\/v2\/pages"}],"about":[{"href":"http:\/\/www.einmetjennahmenspreetzen.de\/wordpress\/wp-json\/wp\/v2\/types\/page"}],"author":[{"embeddable":true,"href":"http:\/\/www.einmetjennahmenspreetzen.de\/wordpress\/wp-json\/wp\/v2\/users\/1"}],"replies":[{"embeddable":true,"href":"http:\/\/www.einmetjennahmenspreetzen.de\/wordpress\/wp-json\/wp\/v2\/comments?post=214"}],"version-history":[{"count":17,"href":"http:\/\/www.einmetjennahmenspreetzen.de\/wordpress\/wp-json\/wp\/v2\/pages\/214\/revisions"}],"predecessor-version":[{"id":1154,"href":"http:\/\/www.einmetjennahmenspreetzen.de\/wordpress\/wp-json\/wp\/v2\/pages\/214\/revisions\/1154"}],"wp:attachment":[{"href":"http:\/\/www.einmetjennahmenspreetzen.de\/wordpress\/wp-json\/wp\/v2\/media?parent=214"}],"curies":[{"name":"wp","href":"https:\/\/api.w.org\/{rel}","templated":true}]}}