{"id":201,"date":"2014-06-16T00:48:17","date_gmt":"2014-06-15T22:48:17","guid":{"rendered":"http:\/\/www.einmetjennahmenspreetzen.de\/wordpress\/?page_id=201"},"modified":"2014-07-09T02:30:03","modified_gmt":"2014-07-09T00:30:03","slug":"richtstaette","status":"publish","type":"page","link":"http:\/\/www.einmetjennahmenspreetzen.de\/wordpress\/richtstaette\/","title":{"rendered":"Richtst\u00e4tte"},"content":{"rendered":"<div style=\"text-align: justify;\">\n<div style=\"float: right; margin-left: 30px; text-align: center;\">\n<img decoding=\"async\" loading=\"lazy\" src=\"http:\/\/www.einmetjennahmenspreetzen.de\/wordpress\/wp-content\/uploads\/2014\/07\/04_hist_12_Kiel-1726-KloseMartius.jpg\" width=\"600\" height=\"467\"><br \/>\n<em>Kiel 1726. Aus: Actenm\u00e4ssiger Bericht von einer zu Kiel im Umbschlage 1725<br \/>\nertappten Diebes-Rotte. Hamburg 1727.<\/em>\n<\/div>\n<p>Die \u2013 in den Akten als \u201eWallstatt\u201c bezeichnete \u2013 Richtst\u00e4tte liegt au\u00dferhalb von <a href=\"http:\/\/www.einmetjennahmenspreetzen.de\/wordpress\/kiel-im-jahr-1676\/\">Kiel<\/a> \u201evor dem Stadtholz\u201c. Auf zeitgen\u00f6ssischen Stadtpl\u00e4nen (siehe Pl\u00e4ne 1665, 1726 und 1762) sind dort Galgen eingezeichnet. Urkundlich belegt ist dort 1680 eine Enthauptung. Exekutionen sind allerdings auch f\u00fcr den Kieler Marktplatz nachgewiesen, der \u00fcber einen Kniegalgen verf\u00fcgte (bezeichnet ist mit \u201eKniegalgen\u201c nicht die H\u00f6he des Galgens, sondern die Konstruktion \u00fcber zwei rechtwinklig verbundene Balken.) Verbrennungen sind der Feuersbr\u00fcnste wegen kaum auf dem Marktplatz zu vermuten.<\/p>\n<p>Die \u00fcbliche Richtst\u00e4tte \u201evor dem Stadtholz\u201c lag zwischen zwei Teichen, den sogenannten Galgenteichen, auf einer kleinen Anh\u00f6he. Diese Teiche sind heute zugesch\u00fcttet, die fr\u00fchere Weide-Gegend wurde bebaut. Der Ort der Richtst\u00e4tte w\u00e4re heute zu bezeichnen mit Ecke Jungfernstieg\/Stiftstra\u00dfe.<\/p>\n<p>Der Weg des Geleitzuges f\u00fchrt die Delinquenten <a href=\"http:\/\/www.einmetjennahmenspreetzen.de\/wordpress\/hinrich-busch\/\">Hinrich Busch<\/a> und <a href=\"http:\/\/www.einmetjennahmenspreetzen.de\/wordpress\/trinke-preetzen\/\">Trinke Preetzen<\/a> vom Marktplatz die Holstenstra\u00dfe hinab, durch das Holstentor, ein St\u00fcck geradeaus in die Vorstadt, am heutigen Europaplatz den Kleinen Kuhberg hinauf, an der Ostseite des heutigen Exerzierplatzes entlang. In Sichtweite lag die \u201eSandkuhle\u201c, in der <a href=\"http:\/\/www.einmetjennahmenspreetzen.de\/wordpress\/hinrich-busch\/\">Hinrich Busch<\/a> wohnhaft war. Der Weg \u00fcberquerte den heutigen Knooper Weg und f\u00fchrte links den Jungfernstieg hinauf bis zur Stiftstra\u00dfe. Dort, wo heute das Altenheim \u201eKaiser-Wilhelm-I.-Stift\u201c steht, d\u00fcrfte der Ort der einstigen Gerichtsst\u00e4tte anzusiedeln sein.<\/p>\n<\/div>\n","protected":false},"excerpt":{"rendered":"<p>Kiel 1726. Aus: Actenm\u00e4ssiger Bericht von einer zu Kiel im Umbschlage 1725 ertappten Diebes-Rotte. Hamburg 1727. Die \u2013 in den Akten als \u201eWallstatt\u201c bezeichnete \u2013 Richtst\u00e4tte liegt au\u00dferhalb von Kiel \u201evor dem Stadtholz\u201c. Auf zeitgen\u00f6ssischen Stadtpl\u00e4nen (siehe Pl\u00e4ne 1665, 1726 und 1762) sind dort Galgen eingezeichnet. Urkundlich belegt ist dort 1680 eine Enthauptung. Exekutionen sind [&hellip;]<\/p>\n","protected":false},"author":1,"featured_media":0,"parent":0,"menu_order":0,"comment_status":"open","ping_status":"open","template":"page-templates\/front-page.php","meta":[],"_links":{"self":[{"href":"http:\/\/www.einmetjennahmenspreetzen.de\/wordpress\/wp-json\/wp\/v2\/pages\/201"}],"collection":[{"href":"http:\/\/www.einmetjennahmenspreetzen.de\/wordpress\/wp-json\/wp\/v2\/pages"}],"about":[{"href":"http:\/\/www.einmetjennahmenspreetzen.de\/wordpress\/wp-json\/wp\/v2\/types\/page"}],"author":[{"embeddable":true,"href":"http:\/\/www.einmetjennahmenspreetzen.de\/wordpress\/wp-json\/wp\/v2\/users\/1"}],"replies":[{"embeddable":true,"href":"http:\/\/www.einmetjennahmenspreetzen.de\/wordpress\/wp-json\/wp\/v2\/comments?post=201"}],"version-history":[{"count":15,"href":"http:\/\/www.einmetjennahmenspreetzen.de\/wordpress\/wp-json\/wp\/v2\/pages\/201\/revisions"}],"predecessor-version":[{"id":907,"href":"http:\/\/www.einmetjennahmenspreetzen.de\/wordpress\/wp-json\/wp\/v2\/pages\/201\/revisions\/907"}],"wp:attachment":[{"href":"http:\/\/www.einmetjennahmenspreetzen.de\/wordpress\/wp-json\/wp\/v2\/media?parent=201"}],"curies":[{"name":"wp","href":"https:\/\/api.w.org\/{rel}","templated":true}]}}