{"id":166,"date":"2014-06-12T05:38:05","date_gmt":"2014-06-12T03:38:05","guid":{"rendered":"http:\/\/www.einmetjennahmenspreetzen.de\/wordpress\/?page_id=166"},"modified":"2014-07-09T02:20:52","modified_gmt":"2014-07-09T00:20:52","slug":"kiel-im-jahr-1676","status":"publish","type":"page","link":"http:\/\/www.einmetjennahmenspreetzen.de\/wordpress\/kiel-im-jahr-1676\/","title":{"rendered":"Kiel im Jahr 1676"},"content":{"rendered":"<div style=\"text-align: justify;\">\nKiel liegt an der Ostsee am Zipfel der Kieler F\u00f6rde. Es ist zu dieser Zeit fast g\u00e4nzlich von Wasser umschlossen und vom Festland lediglich \u00fcber zwei Landzug\u00e4nge erreichbar. Die Stadt z\u00e4hlt etwa 3.000 Einwohner in 500 H\u00e4usern, davon etwa 85 adligen H\u00e4usern. Sie z\u00e4hlt damit zu den gr\u00f6\u00dferen des Landes. Etwa zwei Drittel aller Kieler Einwohner geh\u00f6ren der Unterschicht an. Die Geb\u00e4ude sind meist aus Stein: Mehrst\u00f6ckige Giebelh\u00e4user durchziehen die Hauptstra\u00dfen. In den Nebenstra\u00dfen finden sich zumeist eingeschossige H\u00e4user, sogenannte Buden. Die Vorstadt hat zwei kleine Ballungen: die Gegend s\u00fcdlich des Holstentores sowie das Kuhbergviertel.\n<\/div>\n<p><\/p>\n<div style=\"text-align: center;\"><img decoding=\"async\" loading=\"lazy\" src=\"http:\/\/www.einmetjennahmenspreetzen.de\/wordpress\/wp-content\/uploads\/2014\/07\/Kiel-1641-Merian-Chilonium-Scan-SBB_IIIC_Kart.-Z-10210-Band_2-89-Ausschnitt.jpg\" alt=\"Kiel 1641 Merian, Chilonium Scan SBB_IIIC_Kart. Z 10210 Band_2-89 Ausschnitt\" width=\"700\" height=\"301\" class=\"alignnone size-full wp-image-718\" srcset=\"http:\/\/www.einmetjennahmenspreetzen.de\/wordpress\/wp-content\/uploads\/2014\/07\/Kiel-1641-Merian-Chilonium-Scan-SBB_IIIC_Kart.-Z-10210-Band_2-89-Ausschnitt.jpg 700w, http:\/\/www.einmetjennahmenspreetzen.de\/wordpress\/wp-content\/uploads\/2014\/07\/Kiel-1641-Merian-Chilonium-Scan-SBB_IIIC_Kart.-Z-10210-Band_2-89-Ausschnitt-300x129.jpg 300w, http:\/\/www.einmetjennahmenspreetzen.de\/wordpress\/wp-content\/uploads\/2014\/07\/Kiel-1641-Merian-Chilonium-Scan-SBB_IIIC_Kart.-Z-10210-Band_2-89-Ausschnitt-624x268.jpg 624w\" sizes=\"(max-width: 700px) 100vw, 700px\" \/><\/a><\/p>\n<p><em>Matth\u00e4us Merian: Kiel 1641. Aus: Johann Angelius Werdenhagen: De rebus publicis Hanseaticis tractatus. Frankfurt\/Main 1641.<\/em>\n<\/div>\n<div style=\"text-align: justify;\">\nDer Herzog des Landes Schleswig und Holstein, wozu Kiel geh\u00f6rt, ist Herzog Christian Albrecht. Kiel verf\u00fcgt \u00fcber ein Schloss, doch es liegt verwaist. Der Herzog residiert auf Schloss Gottorf in Schleswig. Im Fr\u00fchjahr 1676 allerdings ist er weder in Kiel noch Schleswig noch sonstwo im Land. Im M\u00e4rz ist er vor seinem d\u00e4nischen Widersacher nach Hamburg geflohen. D\u00e4nische Truppen besetzen Kiel (und das Schloss). B\u00fcrgermeister von Lengerke hat unter Repressalien zu leiden. Dennoch bleibt die Amtsf\u00fchrung in der Stadt vermutlich ihm und der Kieler Obrigkeit \u00fcberlassen.<\/p>\n<p>Die ber\u00fchmteste Chronik verdankt Kiel Asmus Bremer (1652 \u2013 1720), der im Sommer 1676 soeben sein Jura-Studium abgeschlossen haben d\u00fcrfte. Seit 15.8.1670 ist er Student der Rechtswissenschaft. 1688 wird er Ratsherr, sp\u00e4ter B\u00fcrgermeister und sorgsamer Chronist. Auch der Hexenfall 1676 findet in seiner ber\u00fchmten Chronik \u201eChronicon Kiliense tragicum-curiosum\u201c (1717) Erw\u00e4hnung.\n<\/p><\/div>\n","protected":false},"excerpt":{"rendered":"<p>Kiel liegt an der Ostsee am Zipfel der Kieler F\u00f6rde. Es ist zu dieser Zeit fast g\u00e4nzlich von Wasser umschlossen und vom Festland lediglich \u00fcber zwei Landzug\u00e4nge erreichbar. Die Stadt z\u00e4hlt etwa 3.000 Einwohner in 500 H\u00e4usern, davon etwa 85 adligen H\u00e4usern. Sie z\u00e4hlt damit zu den gr\u00f6\u00dferen des Landes. Etwa zwei Drittel aller Kieler [&hellip;]<\/p>\n","protected":false},"author":1,"featured_media":0,"parent":0,"menu_order":0,"comment_status":"open","ping_status":"open","template":"page-templates\/front-page.php","meta":[],"_links":{"self":[{"href":"http:\/\/www.einmetjennahmenspreetzen.de\/wordpress\/wp-json\/wp\/v2\/pages\/166"}],"collection":[{"href":"http:\/\/www.einmetjennahmenspreetzen.de\/wordpress\/wp-json\/wp\/v2\/pages"}],"about":[{"href":"http:\/\/www.einmetjennahmenspreetzen.de\/wordpress\/wp-json\/wp\/v2\/types\/page"}],"author":[{"embeddable":true,"href":"http:\/\/www.einmetjennahmenspreetzen.de\/wordpress\/wp-json\/wp\/v2\/users\/1"}],"replies":[{"embeddable":true,"href":"http:\/\/www.einmetjennahmenspreetzen.de\/wordpress\/wp-json\/wp\/v2\/comments?post=166"}],"version-history":[{"count":24,"href":"http:\/\/www.einmetjennahmenspreetzen.de\/wordpress\/wp-json\/wp\/v2\/pages\/166\/revisions"}],"predecessor-version":[{"id":900,"href":"http:\/\/www.einmetjennahmenspreetzen.de\/wordpress\/wp-json\/wp\/v2\/pages\/166\/revisions\/900"}],"wp:attachment":[{"href":"http:\/\/www.einmetjennahmenspreetzen.de\/wordpress\/wp-json\/wp\/v2\/media?parent=166"}],"curies":[{"name":"wp","href":"https:\/\/api.w.org\/{rel}","templated":true}]}}