{"id":128,"date":"2014-06-12T04:10:28","date_gmt":"2014-06-12T02:10:28","guid":{"rendered":"http:\/\/www.einmetjennahmenspreetzen.de\/wordpress\/?page_id=128"},"modified":"2014-07-07T00:12:08","modified_gmt":"2014-07-06T22:12:08","slug":"presse-fotos","status":"publish","type":"page","link":"http:\/\/www.einmetjennahmenspreetzen.de\/wordpress\/presse-fotos\/","title":{"rendered":"Presse &#8211; Fotos"},"content":{"rendered":"<p><strong><a href=\"http:\/\/www.einmetjennahmenspreetzen.de\/wordpress\/wp-content\/uploads\/2014\/06\/1-Peinliches-Verh\u00f6r-1676.jpg\">1: Peinliches Verh\u00f6r (1676):<\/a><\/strong> Zeitgen\u00f6ssische Darstellung aus: Hermann L\u00f6her: Die Wehm\u00fctige Klage der frommen Unschuldigen. Amsterdam 1676.<br \/>\n<a href=\"http:\/\/www.einmetjennahmenspreetzen.de\/wordpress\/wp-content\/uploads\/2014\/06\/1-Peinliches-Verh\u00f6r-1676.jpg\"><img decoding=\"async\" loading=\"lazy\" src=\"http:\/\/www.einmetjennahmenspreetzen.de\/wordpress\/wp-content\/uploads\/2014\/07\/presse_1.jpg\" alt=\"presse_1\" width=\"200\" height=\"143\" \/><\/a><\/p>\n<p><strong><a href=\"http:\/\/www.einmetjennahmenspreetzen.de\/wordpress\/wp-content\/uploads\/2014\/06\/2-Hexenverbrennung-1676.jpg\">2: Hexenverbrennung (1676):<\/a><\/strong>\u00a0Zeitgen\u00f6ssische Darstellung aus: Hermann L\u00f6her: Die Wehm\u00fctige Klage der frommen Unschuldigen. Amsterdam 1676.<br \/>\n<a href=\"http:\/\/www.einmetjennahmenspreetzen.de\/wordpress\/wp-content\/uploads\/2014\/06\/2-Hexenverbrennung-1676.jpg\"><img decoding=\"async\" loading=\"lazy\" src=\"http:\/\/www.einmetjennahmenspreetzen.de\/wordpress\/wp-content\/uploads\/2014\/07\/presse_2.jpg\" alt=\"presse_2\" width=\"200\" height=\"146\" \/><\/a><\/p>\n<p><strong><a href=\"http:\/\/www.einmetjennahmenspreetzen.de\/wordpress\/wp-content\/uploads\/2014\/06\/3-Hexentanz.jpg\">3: Hexentanz:<\/a><\/strong>\u00a0Foto: Gerald Koll.<br \/>\n<a href=\"http:\/\/www.einmetjennahmenspreetzen.de\/wordpress\/wp-content\/uploads\/2014\/06\/3-Hexentanz.jpg\"><img decoding=\"async\" loading=\"lazy\" src=\"http:\/\/www.einmetjennahmenspreetzen.de\/wordpress\/wp-content\/uploads\/2014\/07\/presse_3.jpg\" alt=\"presse_3\" width=\"200\" height=\"113\" \/><\/a><\/p>\n<p><strong><a href=\"http:\/\/www.einmetjennahmenspreetzen.de\/wordpress\/wp-content\/uploads\/2014\/06\/4-Hexen-nach-Hans-Baldung-Grien-1514.jpg\">4: Hexen nach Hans Baldung-Grien (1514):<\/a><\/strong> Ausschnitt einer Zeichnung von Hans Baldung-Grien (1514). Grafische Sammlung Albertina, Wien.<br \/>\n<a href=\"http:\/\/www.einmetjennahmenspreetzen.de\/wordpress\/wp-content\/uploads\/2014\/06\/4-Hexen-nach-Hans-Baldung-Grien-1514.jpg\"><img decoding=\"async\" loading=\"lazy\" src=\"http:\/\/www.einmetjennahmenspreetzen.de\/wordpress\/wp-content\/uploads\/2014\/07\/presse_4.jpg\" alt=\"presse_4\" width=\"200\" height=\"113\" class=\"alignnone size-full wp-image-784\" \/><\/a><\/p>\n<p><strong><a href=\"http:\/\/www.einmetjennahmenspreetzen.de\/wordpress\/wp-content\/uploads\/2014\/06\/5-Quelle-Aussage-von-Anje-Preetzen-1676.jpg\"> 5: Quelle \u2013 Aussage von Anje Preetzen (1676):<\/a><\/strong> 25.4.1676. Protokolle des Kieler Obergerichtes (Judicium superius Kiloniense),\u00a01633 &#8211; 1845. Kieler Stadtarchiv.<br \/>\n<a href=\"http:\/\/www.einmetjennahmenspreetzen.de\/wordpress\/wp-content\/uploads\/2014\/06\/5-Quelle-Aussage-von-Anje-Preetzen-1676.jpg\"><img decoding=\"async\" loading=\"lazy\" src=\"http:\/\/www.einmetjennahmenspreetzen.de\/wordpress\/wp-content\/uploads\/2014\/07\/presse_5.jpg\" alt=\"presse_5\" width=\"200\" height=\"112\" class=\"alignnone size-full wp-image-785\" \/><\/a><\/p>\n<p><strong><a href=\"http:\/\/www.einmetjennahmenspreetzen.de\/wordpress\/wp-content\/uploads\/2014\/06\/6-Quelle-Hexerey-Urteil-gegen-Trinke-Preetzen-1676.jpg\">6: Quelle \u2013 \u201eHexerey\u201c: Urteil gegen Trinke Preetzen (1676):<\/a><\/strong>\u00a030.6.1676. Protokolle des Kieler Obergerichtes (Judicium superius Kiloniense), 1633 &#8211; 1845. Kieler Stadtarchiv.<br \/>\n<a href=\"http:\/\/www.einmetjennahmenspreetzen.de\/wordpress\/wp-content\/uploads\/2014\/06\/6-Quelle-Hexerey-Urteil-gegen-Trinke-Preetzen-1676.jpg\"><img decoding=\"async\" loading=\"lazy\" src=\"http:\/\/www.einmetjennahmenspreetzen.de\/wordpress\/wp-content\/uploads\/2014\/07\/presse_6.jpg\" alt=\"presse_6\" width=\"200\" height=\"112\" class=\"alignnone size-full wp-image-786\" \/><\/a><\/p>\n<p><strong><a href=\"http:\/\/www.einmetjennahmenspreetzen.de\/wordpress\/wp-content\/uploads\/2014\/06\/7-Hexenverbrennung-1588.jpg\">7: Hexenverbrennung (1588):<\/a><\/strong>\u00a0Aus der sog. \u201eWickiana\u201c, Sammlung zeitgen\u00f6ssischer Flugbl\u00e4tter von Johann Jakob Wick (1588). Zentralbibliothek Z\u00fcrich, Graphische Sammlung.<br \/>\n<a href=\"http:\/\/www.einmetjennahmenspreetzen.de\/wordpress\/wp-content\/uploads\/2014\/06\/7-Hexenverbrennung-1588.jpg\"><img decoding=\"async\" loading=\"lazy\" src=\"http:\/\/www.einmetjennahmenspreetzen.de\/wordpress\/wp-content\/uploads\/2014\/07\/presse_7.jpg\" alt=\"presse_7\" width=\"200\" height=\"113\" class=\"alignnone size-full wp-image-787\" \/><\/a><\/p>\n<p><strong><a href=\"http:\/\/www.einmetjennahmenspreetzen.de\/wordpress\/wp-content\/uploads\/2014\/06\/8-Gerald-Koll.jpg\">8: Gerald Koll:<\/a><\/strong> Foto: Dieter Neidthardt.<br \/>\n<a href=\"http:\/\/www.einmetjennahmenspreetzen.de\/wordpress\/wp-content\/uploads\/2014\/06\/8-Gerald-Koll.jpg\"><img decoding=\"async\" loading=\"lazy\" src=\"http:\/\/www.einmetjennahmenspreetzen.de\/wordpress\/wp-content\/uploads\/2014\/07\/presse_8.jpg\" alt=\"presse_8\" width=\"133\" height=\"200\" class=\"alignnone size-full wp-image-780\" \/><\/a><br \/>\n<a href=\"http:\/\/www.einmetjennahmenspreetzen.de\/download\/ein_metjen_nahmens_preetzen_presse-fotos.zip\" target=\"_blank\"><br \/>\nDownload aller Pressefotos (ZIP-Datei, 10 MB)<\/a><\/p>\n","protected":false},"excerpt":{"rendered":"<p>1: Peinliches Verh\u00f6r (1676): Zeitgen\u00f6ssische Darstellung aus: Hermann L\u00f6her: Die Wehm\u00fctige Klage der frommen Unschuldigen. Amsterdam 1676. 2: Hexenverbrennung (1676):\u00a0Zeitgen\u00f6ssische Darstellung aus: Hermann L\u00f6her: Die Wehm\u00fctige Klage der frommen Unschuldigen. Amsterdam 1676. 3: Hexentanz:\u00a0Foto: Gerald Koll. 4: Hexen nach Hans Baldung-Grien (1514): Ausschnitt einer Zeichnung von Hans Baldung-Grien (1514). Grafische Sammlung Albertina, Wien. 5: Quelle [&hellip;]<\/p>\n","protected":false},"author":1,"featured_media":0,"parent":0,"menu_order":0,"comment_status":"open","ping_status":"open","template":"page-templates\/front-page.php","meta":[],"_links":{"self":[{"href":"http:\/\/www.einmetjennahmenspreetzen.de\/wordpress\/wp-json\/wp\/v2\/pages\/128"}],"collection":[{"href":"http:\/\/www.einmetjennahmenspreetzen.de\/wordpress\/wp-json\/wp\/v2\/pages"}],"about":[{"href":"http:\/\/www.einmetjennahmenspreetzen.de\/wordpress\/wp-json\/wp\/v2\/types\/page"}],"author":[{"embeddable":true,"href":"http:\/\/www.einmetjennahmenspreetzen.de\/wordpress\/wp-json\/wp\/v2\/users\/1"}],"replies":[{"embeddable":true,"href":"http:\/\/www.einmetjennahmenspreetzen.de\/wordpress\/wp-json\/wp\/v2\/comments?post=128"}],"version-history":[{"count":64,"href":"http:\/\/www.einmetjennahmenspreetzen.de\/wordpress\/wp-json\/wp\/v2\/pages\/128\/revisions"}],"predecessor-version":[{"id":846,"href":"http:\/\/www.einmetjennahmenspreetzen.de\/wordpress\/wp-json\/wp\/v2\/pages\/128\/revisions\/846"}],"wp:attachment":[{"href":"http:\/\/www.einmetjennahmenspreetzen.de\/wordpress\/wp-json\/wp\/v2\/media?parent=128"}],"curies":[{"name":"wp","href":"https:\/\/api.w.org\/{rel}","templated":true}]}}